 -32 + (-592 - -592).
-34
Calculate (-15 - 3 - -3) + (3 - -57) + -2.
43
Calculate 60 - 1 - (-15 + 13 + 6 + -10) - 5.
60
Calculate 0 - (-16 + (6 - -12)).
-2
53 - (-18 + 48) - -69
92
What is 12 - (-3 - -2) - (124 + -229 + 127)?
-9
Evaluate 5 + 10 + 7 + -1 - 52.
-31
33 + 1 - (928 - 932)
38
What is the value of -5 - (-18 - -5) - (-6 - 56 - (75 - 82))?
63
Evaluate 5 - (-8 + 0 + 76) - ((-7 - -19) + 1).
-76
Evaluate 26 - (44 + 58) - ((-3 - -5) + 0 - 0).
-78
132 + (-59 + -87 - -59)
45
Evaluate 36 + 63 + 13 + -52.
60
Evaluate (-261 - -253 - (-96 + 0) - -5) + -18.
75
Calculate (1 - 1 - (-2 + -2)) + 7 - (723 + -617).
-95
-26 - (-1 + -40 + -122 + 142)
-5
Evaluate 0 - -31 - (-3 - (-6 - (-18 + 2) - 3)).
41
Evaluate (-2 - (-3 + 48)) + (-325 - -165) + 177.
-30
What is (-133 - -88) + (1 - 11) + (-6 - -7 - 0)?
-54
Calculate (-72 + -20 - -35) + 0 - (2 - -2).
-61
What is -268 - -319 - (-9 - (3 - 6))?
57
What is 26 - (-56 + 68) - (23 + 0)?
-9
What is -25 + (30 - (-21 + 5 - 7))?
28
Evaluate 8 + (-109 - -45) - -105.
49
What is the value of (-1 + -3 - 4) + (19 + -12 + -4 - 26)?
-31
Calculate 2 + 27 + -18 - 19 - (-16 + -22).
30
Calculate (-40 + -4 + -1 - 2) + 107 + -105.
-45
What is 0 + 17 + (-1301 - -1326) + -172?
-130
What is the value of (8 + 21 + -2 - -63) + 2 + 2 + -15?
79
-112 - -130 - ((4 - -5) + -3)
12
What is the value of (9 - 41 - 31) + -7 + 3 + 1?
-66
Calculate 229 - 192 - ((3 - -1) + -7 + 3 + 6).
31
What is -37 + -20 + (23 + -23 - 14)?
-71
-7 + (-16 - -14) - ((-6 - 55) + 0)
52
Calculate 7 - (9 + -3) - 43 - (14 + -7).
-49
Calculate -3 + -132 - ((205 - 171) + (-22 - -2)) - -14.
-135
What is 2 - (59 - ((-18 - -1) + (-9 - -15)))?
-68
What is the value of -7 - (0 + -2) - (85 + -161 + 102)?
-31
What is the value of -40 + (61 - 34 - -20) - (2 - -96)?
-91
What is (-2 + -3 - (-42 - (3 - 0))) + 20 + -17?
43
15 - 10 - (7 - 4 - (12 - 4 - 7))
3
What is the value of 11 + (-24 - -11) - (-9 + 6)?
1
(31 - (56 - (9 - -18))) + 1 + 0
3
What is the value of (-123 - -111) + 5 + 6 + 7?
6
Evaluate -20 + 5 + (12 - (40 - 20)).
-23
What is 0 + -27 - (14 + 8 + -33)?
-16
What is the value of -56 - (12 - (-18 + 12 + -19))?
-93
Evaluate (50 - 6 - 43) + 19.
20
What is the value of 87 - (-4 + (101 - 28))?
18
Calculate (-8 - (-2 + -9) - -42) + (9 - 4) + -4.
46
What is -134 + 74 + 150 - -33?
123
Evaluate 265 + -301 + (19 - 0) - (-3 + -1).
-13
Evaluate -10 - ((4037 - 4048) + (0 - 1 - (0 + -32))).
-30
Evaluate -3 - -116 - (49 + -3 - (2 - -24)).
93
What is the value of -2 + -13 - ((-75 - -93) + -37)?
4
-330 + 311 - ((1 - -1) + -8)
-13
What is -32 - (-33 + 36 - 29)?
-6
Evaluate -13 + (-2 + 26 - (148 - 151)).
14
What is 67 + -2 + (29 - (103 - 38))?
29
What is the value of -188 + 226 - (18 + 2)?
18
Calculate 3 + -2 - 109 - (-44 - ((-11 - 56) + 20)).
-111
Calculate -41 + (-78 + 56 + 25 - (1 + (2 - 2))).
-39
152 + -157 + (-19 - 20)
-44
Evaluate 81 + (-44 - (-32 - 17)).
86
22 - (-7 - ((10 - (-5 - -14)) + -5 + -2))
23
(-73 - (-25 + 22)) + (-17 + 9 - 7)
-85
Evaluate 4 - (9 - -11 - 10) - (-15 + (0 - 1)).
10
Calculate -54 - (-12 - (-91 - -154)).
21
(4 + -2 - -5) + -87 + 286 + -122
84
What is 387 + -466 + 15 + 14?
-50
Evaluate (-11 - (-23 + 4 + -5)) + -67 - -16.
-38
What is the value of -16 + (-29 - -65) + -10 + (-101 - (0 - -1))?
-92
Evaluate -9 + (-12 + -1 - (-34 + 58 - (28 + 3))).
-15
What is the value of -7 + 0 - -60 - (-215 + 243)?
25
82 - (25 - 51 - -15 - -6 - (0 - -2))
89
-16 + (16 - (17 + -24)) + (1 - -13)
21
-4 + 1 + 127 + 0 - (-31 - (-36 - -19))
138
What is -4 + (13 - (17 + 12 - (0 + 6)))?
-14
26 - ((18 - 13) + -19 + 11)
29
Evaluate 20 + -87 + 81 - (3 - 50).
61
Evaluate -25 + 32 + 47 + -55.
-1
19 + -59 + -9 + -2 + (-3 - -5) + -7
-56
What is the value of (-42 - -19) + 42 + 43?
62
What is the value of 8 - ((-6 - (-16 - -17)) + -8 + 19)?
4
Calculate 4 - (21 + -1 + 30 + -1 + -29 + -9).
-7
-78 - (103 - 135) - 44
-90
What is the value of (-1 - -41) + -44 + 46?
42
Calculate 81 + (24 - 75) + 29.
59
Calculate 1 + 0 + 69 - (19 + -37 - -29).
59
(-190 - (-71 + -120)) + 40 + -1
40
Calculate -65 + (-17 - (2 + -1) - (-990 + 985)).
-78
What is the value of -8 + -3 + -5 + 13 + (1 - 7)?
-9
Evaluate -193 + -2 + (988 - 880).
-87
What is the value of 12 + 58 + -44 + -26?
0
Calculate (6698 - 6759) + 1 + 62.
2
What is -9 + 18 + 30 + -16 + 107?
130
What is (58 - -1) + 0 + (0 + -21 + 18 - -16)?
72
What is the value of 9 + (-15 - 2) + (0 - -1) + -3 + -2?
-12
What is 2 + -16 - (3 + -62 + 64)?
-19
Calculate (32 + 25 + -88 - -17) + -19.
-33
Calculate (62 - -188 - 120) + -178.
-48
Evaluate 1 + (48 - -2) - (-10445 + 10446).
50
(0 - 6) + (6 - (-12 + (10 + -55 - 15)))
72
Calculate -14 + -2 + (22 - 59 - -20) + 4.
-29
What is the value of -15 - (-2 - -13) - (15 - (6 + 21))?
-14
Evaluate 57 - (40 + (-11 + -30 - -15)).
43
What is the value of -14 + (13 - (0 - (-6 + -10)) - 28)?
-45
What is the value of -108 - ((-1 + 29 - (87 - 81)) + -24)?
-106
What is 30 - (-61 + (23 - -6) + -40)?
102
32 + 8 + 23 + -80 + 64
47
(-18 - -20 - 8) + (-3 + 1 - -2)
-6
What is -2717 + 2722 - (7 - 1)?
-1
What is the value of (4 - 89 - -72) + 0 + 4?
-9
Evaluate -8 - (-8 - (27 + -19)) - 13.
-5
Evaluate 5 + (-4 - (-2 + 0)) + -16 + 0 + -12.
-25
What is the value of -126 - (-45 - -28 - 55)?
-54
Evaluate -13 + 30 + -10 + (-2 - -19).
24
What is the value of 0 + (-20 - -42 - 3) - 28?
-9
(145 + -151 - (-2 - 14 - 0)) + -86
-76
Calculate 40 - (-60 - (-4 + -39 - -28)).
85
Evaluate 12 + 1 + (-4 - 6) + 6 + -85 + 99.
23
Calculate -15 + (2 - -47 - 10 - 15 - 3) - -54.
60
(1039 - 1112) + (34 - 0 - -1)
-38
Calculate (-9 - -191) + -140 - -47.
89
-3 - (139 + -139 - (2 + 6) - (-21 - 1))
-17
What is the value of -30 - -4 - (54 + -109) - -65?
94
What is (1 - 1) + (-15 - -2 - (8 + 43 + -8))?
-56
What is the value of -44 - (32 - (55 + -11))?
-32
15 - (11 - ((28 - -15 - -15) + -12))
50
Evaluate (-9372 - -9408) + (2 - (1 - 0)).
37
((-6 - -10) + -11 - 7) + (437 - 340)
83
Calculate -1 + 3 + -54 + (15 + 16 - 22 - 6).
-49
Calculate (2 - 3) + -6 + (-14 - ((-17 - -10) + 1)).
-15
50 + (-113 - -22) + 37 + -1 + (0 - 86)
-91
Evaluate -36 - -64 - (-6 - (-8 - 17)).
9
What is the value of (-39 + 44 - (1 - (3 + -1))) + 0 + -1?
5
Calculate (-12 - ((0 - 7) + 15)) + (-13 - -10 - -1).
-22
What is -48 + 200 - (19 - -54)?
79
Evaluate -2 + 12 - (-12 + -35 + 69).
-12
Evaluate 12 - -10 - (10 - -2 - (-42 + 31 + 9)).
8
Evaluate (-4 - (-10 + 24)) + 10 + 12 - (-14 + 1).
17
Evaluate -41 - (29 + -19 + -82).
31
Evaluate (47 - -1) + -57 + -7.
-16
Calculate -3 + 93 - 7 - (5 - -26 - 20).
72
What is the value of (44 - 11 - (43 - 46)) + -3?
33
Evaluate 723 - 793 - (-2 + -30).
-38
What is the value of 31 - (38 - 23 - (0 - 3 - -10))?
23
Evaluate -78 - (-8 - -11) - (17 + -54 + 22).
-66
Calculate 8 - (-15 + (-1 - -8) + (28 - 45)).
33
What is the value of (24 - (-87 + 69 + -39)) + 1?
82
Calculate 3 + (-5 + -15 + 25 + -8 - 11).
-11
What is the value of 2 + -6 - -14 - 13 - -12 - 20?
-11
What is the value of -59 + -14 + (3 - -19) - 8?
-59
Calculate -3 - (105 + -48 + -23).
-37
2 + -52 - 1 - (340 + -351)
-40
What is the value of -71 + 215 + 3 - 125?
22
Evaluate -68 + -5 + 21 + 43 + -50 + -2 + 7.
-54
What is the value of (0 - -4 - -19) + -34?
-11
(2 - (0 - 60)) + (126 + -232 - -96)
52
21 + 11 + -15 + (-39 - -16)
-6
Calculate (-117 - -28) + 8 - -31 - (16 + 2).
-68
What is 9 + (14 - 10) + 26 + -78?
-39
Evaluate -22 + 22 + 5 + (-30 - 7).
-32
-14 - (-8 + -10 + 11 - 3) - -34
30
-54 - (-150 + 83) - 44
-31
-38 + 3 + (-87 - -127) - -10
15
(4 - (3 - 10) - 6) + -10 + 7 + -13
-11
Evaluate -57 + 105 + -112 + 112.
48
Calculate -76 - (-40 + (32 - 18) + -45 + 53).
-58
What is the value of (12 - (2 - -19)) + 0 + -19?
-28
What is 14 + -4 + -14 - 10 - (1 - (-1 + 38))?
22
What is the value of -41 - (60 + -31) - -17?
-53
What is the value of 62 - (60 + (-2 - 41))?
45
What is the value of -2 + 3 + (-8 - 6) + -82 + 20 + 2?
-73
What is (7 + 15 - 21 - 24) + 4?
-19
What is -61 + (-1 + 0 - (-6 - -1) - (-2382 - -2379))?
-54
Calculate (-38 - (-67 - -45) - (-15 + -4)) + 38.
41
What is the value of -59 + 29 - (6 + 2 + -10 - -3)?
-31
Evaluate (5 - 5 - -9) + (-5 - -2) + -53 + 16.
-31
What is 47 - 0 - (-1714 + 1707)?
54
Calculate (-29 + 14 - -12) + 1 + 45.
43
Calculate -1 + 1 - -41 - (-28 - 1 - (-1492 - -1468)).
46
Calculate (-6 - (-31 - -68)) + (-2 - -4)